81 = -2*u, -u - 1000 = -3*l. List the prime factors of l.
2, 167
Suppose 6 = 2*l, -60*h + 2*l + 136254 = -58*h. List the prime factors of h.
2, 3, 5, 757
Let i be (-2 - (63/4)/(-9))*-12. Suppose -11*y = -8*y + 3*o - 1923, 0 = -5*y + i*o + 3165. List the prime factors of y.
2, 3, 53
Let n = 7432 + 3476. What are the prime factors of n?
2, 3, 101
Let k(h) be the third derivative of -53*h**4/24 - 57*h**3/2 - 3*h**2 - 5. List the prime factors of k(-25).
2, 577
What are the prime factors of 7/(-56) + (-1905)/(-12)*15465/150?
13, 1259
Let i(w) = -w**2 + 26*w - 69. Let h be i(22). Suppose -h = 19*a - 20*a. What are the prime factors of a?
19
Suppose -4 - 33 = -a + 4*d, 0 = a - 3*d - 39. Suppose 0 = -4*k - a - 379. List the prime factors of (-9)/(-9) - (k - -2).
3, 5, 7
Let l be ((-24)/(-8))/(1 - 0). Suppose 3*p = z - 10, 3*z - l*p - 15 = 3. Suppose -q - 3*q + 60 = -4*c, -2*q + 54 = z*c. What are the prime factors of q?
19
Suppose -3*t - 20 = -5*i - 0*t, i = 3*t - 8. Let n(s) = s + 82. Let c be n(3). Let u = c - i. List the prime factors of u.
2, 3, 13
Let b = 463 - 437. Suppose -20*j - 1632 = -b*j. List the prime factors of j.
2, 17
Let y(b) = -13*b + 37. Let z be y(-9). Suppose 0 = -4*k + 12, -w = -0*w + 5*k + z. Let c = w - -306. List the prime factors of c.
137
Let z = 2718 + 16037. List the prime factors of z.
5, 11, 31
Suppose 4*w = 779 - 2275. Suppose 0*j - 588 = 3*j. Let c = j - w. List the prime factors of c.
2, 89
Let l(n) = 21*n**2 - 45. Let a be l(-9). Suppose 0 = -21*h + a + 423. List the prime factors of h.
3, 11
Suppose 2*n = 5*n + 2*h + 15, n - 4*h - 9 = 0. Let a be (n - -579)/(-1 - -2). List the prime factors of (-6)/(-21) + a/42.
2, 7
Suppose -347 = 3*j - 2228. Suppose -j = -3*y - 162. Suppose -3*z - 5*n + y = 0, 4*n + 80 = -z + 2*z. What are the prime factors of z?
2, 3, 5
Suppose 0 = 2*n - 3*n + 5*q + 68, 0 = n - 3*q - 72. Let d = -50 + 24. Let c = n + d. What are the prime factors of c?
2, 13
Let z(f) = f**3 + 18*f**2 + 45*f + 2. Suppose -15*o = -9*o + 90. Let r be z(o). Suppose b + 5*c = 98, -r*b - c + 232 = -0*c. List the prime factors of b.
2, 59
Let f = -353 + 355. Suppose 7 = 4*y - 13, -5*a - f*y = -1780. List the prime factors of a.
2, 3, 59
Let s = -36 - -31. Let v(u) = u**2 + 5*u + 4. Let k be v(s). Suppose -3*t + 2*p + 145 = -30, -k*p + 145 = 3*t. List the prime factors of t.
5, 11
Suppose 28*k - 186154 = 18414. What are the prime factors of k?
2, 13, 281
Let o(z) = -131*z + 6*z - 23*z - 205. List the prime factors of o(-12).
1571
Let k = -12 - -14. Suppose -15 = r + 4*o, -2*r - 5*o - 60 = k*r. List the prime factors of 0/(-9) - (r + 1).
2, 7
Let d(f) = 358*f**3 + 42*f**2 - 75*f + 9. What are the prime factors of d(2)?
7, 59
Suppose -4654*g = -4700*g + 1062876. What are the prime factors of g?
2, 3, 3851
Suppose -2*c = -11 - 7. Suppose 2*a - c = 769. Let k = a - 149. List the prime factors of k.
2, 3, 5
Let z = -4891 - -19450. List the prime factors of z.
3, 23, 211
Suppose 9788 - 2036 = 3*y. Let g = y + -905. What are the prime factors of g?
23, 73
Suppose 2*m = m - 4*x + 100, 3*m = x + 352. Let k = -40 + m. Suppose -o - k = -5*d + 9, d = o + 21. List the prime factors of d.
2
Suppose 21*m = -26*m + 2*m + 957420. List the prime factors of m.
2, 3, 197
Suppose 9*n = 3064 + 19382. List the prime factors of n.
2, 29, 43
Let v(s) = 0*s**3 - 5 - 3*s**3 + 6*s**3 + 10. Let j be v(0). Suppose -4*t - z + 226 + 215 = 0, 2*z = -j*t + 555. What are the prime factors of t?
109
Let r be (4 - (4 - 1)) + 4. Suppose 5*p = 20, -j - 24 = -r*j - 2*p. Suppose -4*u + 71 = 5*d - 115, 4*d = j*u - 204. What are the prime factors of u?
7
List the prime factors of (110 + (5 - 13))*15.
2, 3, 5, 17
Let z(c) be the first derivative of -3*c**2 + 7*c + 1/4*c**4 + 1 + 2*c**3. List the prime factors of z(-5).
2, 31
Let q(v) = 2*v**2 - 11*v - 4. Let d be q(6). Suppose -469 = -d*a - g, -1 = -g + 2*g. Suppose n - a = -4*n. What are the prime factors of n?
47
Let k(n) be the second derivative of 5*n**3/3 + 36*n**2 - n - 11. List the prime factors of k(17).
2, 11
Let g(y) = 9*y - 24. Let s be g(3). Suppose s*v = 3*q + 3, 0 = 2*v - 4*q + q - 7. What are the prime factors of 89 + (-11 - v) + 3?
5, 17
Suppose -2*f + 5*t = 2 + 7, 9 = 3*t. Suppose f*w + 2*w - 50 = -5*l, -2*l - 3*w + 21 = 0. What are the prime factors of l?
3
Let l(q) = -271*q**3 - 2*q**2 + 3*q + 4. Suppose 3*z = 6*z + 6, 0 = -2*x + 4*z + 6. List the prime factors of l(x).
2, 3, 5
Suppose -4*g + 19142 = -15418. Suppose 26*h - g = 8*h. List the prime factors of h.
2, 3, 5
Suppose -49*i + 51*i + 9*i = 240273. List the prime factors of i.
3, 809
Let z = -39969 + 60517. List the prime factors of z.
2, 11, 467
Suppose 0 = 2*q + o - 671, 3*q + q = 5*o + 1349. Let m = 214 - q. Let c = m + 172. What are the prime factors of c?
2, 5
Let v = 44082 + -25502. List the prime factors of v.
2, 5, 929
Suppose 2*f + 132 = 3*w, 0*f + 5*f = w - 304. Suppose 5*z + 4*d + 192 = 9*z, 3*d = 4*z - 189. Let m = z - f. List the prime factors of m.
3, 5, 7
Suppose -18*j - 114 + 150 = 0. Suppose h - 215 = -2*q + 277, -j*q = -h - 484. List the prime factors of q.
2, 61
Let m be (7 + -9 - 1) + 763. Suppose 3*s + l - 2038 = 0, -m + 2796 = 3*s - l. List the prime factors of s.
7, 97
Let i be 4/(-5) + 7168/(-40). Let p = 213 - i. What are the prime factors of p?
3, 131
Suppose -14*t + 9*t + 2590 = 0. Let b be 2/(-5) + t/70. Suppose b*o - 1174 + 166 = 0. What are the prime factors of o?
2, 3
What are the prime factors of (-6 - 78/(-18))/(8/(-308592))?
2, 3, 5, 2143
Suppose -3*o + 3*y + 2*y - 400 = 0, o = -3*y - 110. Let d = 381 - o. Suppose -467 - d = -7*n. List the prime factors of n.
139
Suppose 206668 = 17*f + 11*f. Suppose 24735 + f = 37*u. What are the prime factors of u?
2, 7, 31
Suppose -64*y = -42*y - 388636 - 133380. What are the prime factors of y?
2, 1483
Suppose -109*w + 717934 + 1198200 = -2440269. List the prime factors of w.
17, 2351
Suppose -20 - 5 = -5*a. Suppose 2*x = a - 5. Suppose x = -2*v + 27 - 9. List the prime factors of v.
3
Let o be 8/52 + 4/(-26). Suppose o*r = -2*r + 4. Suppose -r*v = -64 - 60. What are the prime factors of v?
2, 31
Let t(f) = -84*f**3 + f**2 + 3*f - 19. What are the prime factors of t(-4)?
3, 1787
Let m = -5472 + 8322. Let q = m + -1671. List the prime factors of q.
3, 131
Suppose 0 = p - 87 + 32. Let i = p + -54. What are the prime factors of 12 - i - ((-3 - -6) + -1)?
3
List the prime factors of 523/((-6)/4*-2*5/270).
2, 3, 523
Let j(v) = 3*v**2 - 9*v + 11. Let x(b) = -13*b**2 + 37*b - 43. Let g(o) = 9*j(o) + 2*x(o). Let h be g(11). Suppose 2*k - 13 = h. List the prime factors of k.
5, 7
Let b = 44791 + -25023. What are the prime factors of b?
2, 7, 353
Suppose 13*t + 88*t - 9*t = 6452880. List the prime factors of t.
2, 3, 5, 7, 167
Suppose -5*h = -4*h - 2*z - 3951, 3*h + 3*z = 11853. What are the prime factors of h?
3, 439
Suppose -5*v + 9 = -26. Suppose -v*a = 5*a - 6384. List the prime factors of a.
2, 7, 19
Let y(x) = x**3 + 21*x**2 - 15*x + 119. Let h be y(-20). Let j = 437 + h. List the prime factors of j.
2, 157
Let u = 367 - 367. Suppose -2*o = -8*o + 1266. Suppose 2*g = -i - 0*g + 101, -2*i - g + o = u. List the prime factors of i.
107
Let s = 78 + -75. Suppose l - 79 = -s*c, 0 = 4*l - 0*c - 2*c - 386. What are the prime factors of l?
2, 47
Let s(q) = -q**2 + 7*q - 6. Let f be s(6). Suppose u - 2*u + 4 = f. Suppose -t + 35 = -2*r, -5*t = u*r - r - 240. List the prime factors of t.
3, 5
What are the prime factors of (-17)/((-68)/(-40)) - -2887?
3, 7, 137
Let m = -339 - -702. Suppose -7 = 2*c - 3, -s = 2*c - m. What are the prime factors of s?
367
Suppose 55*y + 443752 - 678073 = 746494. What are the prime factors of y?
17, 1049
Suppose 54550 + 38246 = 111*g. List the prime factors of g.
2, 11, 19
Suppose -3*a + 6 = -24. List the prime factors of 4/a*-1 - 1504/(-10).
2, 3, 5
Let u(k) = -3*k**3 - 45*k**2 - 72*k + 125. List the prime factors of u(-32).
31, 41, 43
Suppose -54 = 17*a - 14*a. Suppose 0 = -0*q - q - 3. List the prime factors of (-317)/q - 6/a.
2, 53
Let a(k) = -k**2 + 11*k - 6. Let l be (-16)/((-4)/(2 - 0)). Let d be a(l). What are the prime factors of -3 - (35*d)/(-5)?
3, 41
Suppose 0 = 37*m - 41*m - 64. Let w(c) = -61*c - 64*c - 11 + 117*c. List the prime fac